{"id":254,"date":"2021-09-03T08:12:17","date_gmt":"2021-09-03T06:12:17","guid":{"rendered":"https:\/\/hotels-maison.com\/viktoria-augsburg\/?page_id=254"},"modified":"2021-10-17T14:59:47","modified_gmt":"2021-10-17T12:59:47","slug":"impressum","status":"publish","type":"page","link":"https:\/\/hotels-maison.com\/viktoria-augsburg\/impressum\/","title":{"rendered":"Impressum"},"content":{"rendered":"\n\n[et_pb_section fb_built=&#8220;1&#8243; _builder_version=&#8220;4.10.4&#8243; background_image=&#8220;https:\/\/hotels-maison.com\/viktoria-augsburg\/wp-content\/uploads\/sites\/3\/2021\/08\/Hintergrund.png&#8220; parallax=&#8220;on&#8220; global_colors_info=&#8220;{}&#8220;][et_pb_row _builder_version=&#8220;3.25&#8243; background_size=&#8220;initial&#8220; background_position=&#8220;top_left&#8220; background_repeat=&#8220;repeat&#8220; custom_margin=&#8220;-22px|auto||auto||&#8220; global_colors_info=&#8220;{}&#8220;][et_pb_column type=&#8220;4_4&#8243; _builder_version=&#8220;3.25&#8243; custom_padding=&#8220;|||&#8220; global_colors_info=&#8220;{}&#8220; custom_padding__hover=&#8220;|||&#8220;][et_pb_text _builder_version=&#8220;3.27.4&#8243; background_size=&#8220;initial&#8220; background_position=&#8220;top_left&#8220; background_repeat=&#8220;repeat&#8220; inline_fonts=&#8220;Source Sans Pro&#8220; global_colors_info=&#8220;{}&#8220;]<h1><\/h1>\n<h1><span style=\"font-size: 30px;\">Impressum<\/span><\/h1>\n<p>Seitenbetreiber i.S.d. \u00a7 5 TMG<\/p>\n<p>Betana Group GmbH<br \/>S\u00fcdliche M\u00fcnchner Stra\u00dfe 8<br \/>D-82031 Gr\u00fcnwald<\/p>\n<p>Telefon: +49 89 588 0 558 0<\/p>\n<p>Email:<a href=\"mailto:info@gsh-hotels.com\"><span>\u00a0<\/span>info@gsh-hotels.com<\/a><\/p>\n<p><span style=\"font-size: 14px;\">Handelsregister:<\/span><\/p>\n<p>Registergericht: Amtsgericht M\u00fcnchen<\/p>\n<p>Registernummer: HRB256762<\/p>\n<p>Gesch\u00e4ftsf\u00fchrer:<br \/>Heiko Grote<\/p>\n<p><strong>Umsatzsteuer-Identifikationsnummer gem\u00e4\u00df \u00a727 a Umsatzsteuergesetz<\/strong><\/p>\n<p>DE332685445<\/p>\n<p><strong>\u00a0<\/strong><\/p>\n<p><strong>Information zur ODR-Verordnung<\/strong><\/p>\n<p>Die Europ\u00e4ische Kommission stellt eine Plattform zur Online-Streitbeilegung (OS) bereit, die Sie unter http:\/\/ec.europa.eu\/consumers\/odr\/ finden. Unser Unternehmen nimmt derzeit nicht an den dort angebotenen Verfahren zur alternativen Streitbeilegung teil; die Online-Streitbeilegungs-Plattform kann daher f\u00fcr Kunden unseres Unternehmens derzeit nicht genutzt werden.<\/p>\n<p>Die Betana Group GmbH ist nicht verpflichtet, an Streitbeilegungsverfahren vor einer Verbraucherschlichtungsstelle teilzunehmen.<\/p>\n<p><strong>Rechtliche Hinweise<\/strong><\/p>\n<p>Die Betana Group GmbH pr\u00fcft und aktualisiert die Informationen auf ihren Webseiten st\u00e4ndig. Trotz aller Sorgfalt k\u00f6nnen sich die Daten inzwischen ver\u00e4ndert haben. Eine Haftung oder Garantie f\u00fcr die Aktualit\u00e4t, Richtigkeit und Vollst\u00e4ndigkeit der zur Verf\u00fcgung gestellten Informationen kann daher nicht \u00fcbernommen werden.<\/p>\n<p>Gleiches gilt auch f\u00fcr alle anderen Webseiten, auf die mittels Hyperlink verwiesen wird. Die Betana Group GmbH ist f\u00fcr den Inhalt der Webseiten, die aufgrund einer solchen Verbindung erreicht werden, nicht verantwortlich. Des Weiteren beh\u00e4lt sich die Betana Group GmbH das Recht vor, \u00c4nderungen oder Erg\u00e4nzungen der bereitgestellten Informationen vorzunehmen.<\/p>\n<p>Inhalt und Struktur der Betana Group GmbH Webseiten sind urheberrechtlich gesch\u00fctzt. Die Vervielf\u00e4ltigung von Informationen oder Daten, insbesondere die Verwendung von Texten, Textteilen oder Bildmaterial, bedarf der vorherigen schriftlichen Zustimmung von der Betana Group GmbH.<\/p>[\/et_pb_text][\/et_pb_column][\/et_pb_row][\/et_pb_section]\n\n","protected":false},"excerpt":{"rendered":"<p>Impressum Seitenbetreiber i.S.d. \u00a7 5 TMG Betana Group GmbHS\u00fcdliche M\u00fcnchner Stra\u00dfe 8D-82031 Gr\u00fcnwald Telefon: +49 89 588 0 558 0 Email:\u00a0info@gsh-hotels.com Handelsregister: Registergericht: Amtsgericht M\u00fcnchen Registernummer: HRB256762 Gesch\u00e4ftsf\u00fchrer:Heiko Grote Umsatzsteuer-Identifikationsnummer gem\u00e4\u00df \u00a727 a Umsatzsteuergesetz DE332685445 \u00a0 Information zur ODR-Verordnung Die Europ\u00e4ische Kommission stellt eine Plattform zur Online-Streitbeilegung (OS) bereit, die Sie unter http:\/\/ec.europa.eu\/consumers\/odr\/ finden. Unser [&hellip;]<\/p>\n","protected":false},"author":2,"featured_media":0,"parent":0,"menu_order":0,"comment_status":"closed","ping_status":"open","template":"","meta":{"_et_pb_use_builder":"on","_et_pb_old_content":"<!-- wp:heading -->\n<h2>Wer wir sind<\/h2>\n<!-- \/wp:heading -->\n\n<!-- wp:paragraph -->\n<p><strong class=\"privacy-policy-tutorial\">Textvorschlag: <\/strong>Die Adresse unserer Website ist: https:\/\/hotels-maison.com\/viktoria-augsburg.<\/p>\n<!-- \/wp:paragraph -->\n\n<!-- wp:heading -->\n<h2>Kommentare<\/h2>\n<!-- \/wp:heading -->\n\n<!-- wp:paragraph -->\n<p><strong class=\"privacy-policy-tutorial\">Textvorschlag: <\/strong>Wenn Besucher Kommentare auf der Website schreiben, sammeln wir die Daten, die im Kommentar-Formular angezeigt werden, au\u00dferdem die IP-Adresse des Besuchers und den User-Agent-String (damit wird der Browser identifiziert), um die Erkennung von Spam zu unterst\u00fctzen.<\/p>\n<!-- \/wp:paragraph -->\n\n<!-- wp:paragraph -->\n<p>Aus deiner E-Mail-Adresse kann eine anonymisierte Zeichenfolge erstellt (auch Hash genannt) und dem Gravatar-Dienst \u00fcbergeben werden, um zu pr\u00fcfen, ob du diesen benutzt. Die Datenschutzerkl\u00e4rung des Gravatar-Dienstes findest du hier: https:\/\/automattic.com\/privacy\/. Nachdem dein Kommentar freigegeben wurde, ist dein Profilbild \u00f6ffentlich im Kontext deines Kommentars sichtbar.<\/p>\n<!-- \/wp:paragraph -->\n\n<!-- wp:heading -->\n<h2>Medien<\/h2>\n<!-- \/wp:heading -->\n\n<!-- wp:paragraph -->\n<p><strong class=\"privacy-policy-tutorial\">Textvorschlag: <\/strong>Wenn du ein registrierter Benutzer bist und Fotos auf diese Website l\u00e4dst, solltest du vermeiden, Fotos mit einem EXIF-GPS-Standort hochzuladen. Besucher dieser Website k\u00f6nnten Fotos, die auf dieser Website gespeichert sind, herunterladen und deren Standort-Informationen extrahieren.<\/p>\n<!-- \/wp:paragraph -->\n\n<!-- wp:heading -->\n<h2>Cookies<\/h2>\n<!-- \/wp:heading -->\n\n<!-- wp:paragraph -->\n<p><strong class=\"privacy-policy-tutorial\">Textvorschlag: <\/strong>Wenn du einen Kommentar auf unserer Website schreibst, kann das eine Einwilligung sein, deinen Namen, E-Mail-Adresse und Website in Cookies zu speichern. Dies ist eine Komfortfunktion, damit du nicht, wenn du einen weiteren Kommentar schreibst, all diese Daten erneut eingeben musst. Diese Cookies werden ein Jahr lang gespeichert.<\/p>\n<!-- \/wp:paragraph -->\n\n<!-- wp:paragraph -->\n<p>Falls du ein Konto hast und dich auf dieser Website anmeldest, werden wir ein tempor\u00e4res Cookie setzen, um festzustellen, ob dein Browser Cookies akzeptiert. Dieses Cookie enth\u00e4lt keine personenbezogenen Daten und wird verworfen, wenn du deinen Browser schlie\u00dft.<\/p>\n<!-- \/wp:paragraph -->\n\n<!-- wp:paragraph -->\n<p>Wenn du dich anmeldest, werden wir einige Cookies einrichten, um deine Anmeldeinformationen und Anzeigeoptionen zu speichern. Anmelde-Cookies verfallen nach zwei Tagen und Cookies f\u00fcr die Anzeigeoptionen nach einem Jahr. Falls du bei der Anmeldung \u201eAngemeldet bleiben\u201c ausw\u00e4hlst, wird deine Anmeldung zwei Wochen lang aufrechterhalten. Mit der Abmeldung aus deinem Konto werden die Anmelde-Cookies gel\u00f6scht.<\/p>\n<!-- \/wp:paragraph -->\n\n<!-- wp:paragraph -->\n<p>Wenn du einen Artikel bearbeitest oder ver\u00f6ffentlichst, wird ein zus\u00e4tzlicher Cookie in deinem Browser gespeichert. Dieser Cookie enth\u00e4lt keine personenbezogenen Daten und verweist nur auf die Beitrags-ID des Artikels, den du gerade bearbeitet hast. Der Cookie verf\u00e4llt nach einem Tag.<\/p>\n<!-- \/wp:paragraph -->\n\n<!-- wp:heading -->\n<h2>Eingebettete Inhalte von anderen Websites<\/h2>\n<!-- \/wp:heading -->\n\n<!-- wp:paragraph -->\n<p><strong class=\"privacy-policy-tutorial\">Textvorschlag: <\/strong>Beitr\u00e4ge auf dieser Website k\u00f6nnen eingebettete Inhalte beinhalten (z.&nbsp;B. Videos, Bilder, Beitr\u00e4ge etc.). Eingebettete Inhalte von anderen Websites verhalten sich exakt so, als ob der Besucher die andere Website besucht h\u00e4tte.<\/p>\n<!-- \/wp:paragraph -->\n\n<!-- wp:paragraph -->\n<p>Diese Websites k\u00f6nnen Daten \u00fcber dich sammeln, Cookies benutzen, zus\u00e4tzliche Tracking-Dienste von Dritten einbetten und deine Interaktion mit diesem eingebetteten Inhalt aufzeichnen, inklusive deiner Interaktion mit dem eingebetteten Inhalt, falls du ein Konto hast und auf dieser Website angemeldet bist.<\/p>\n<!-- \/wp:paragraph -->\n\n<!-- wp:heading -->\n<h2>Mit wem wir deine Daten teilen<\/h2>\n<!-- \/wp:heading -->\n\n<!-- wp:paragraph -->\n<p><strong class=\"privacy-policy-tutorial\">Textvorschlag: <\/strong>Wenn du eine Zur\u00fccksetzung des Passworts beantragst, wird deine IP-Adresse in der E-Mail zur Zur\u00fccksetzung enthalten sein.<\/p>\n<!-- \/wp:paragraph -->\n\n<!-- wp:heading -->\n<h2>Wie lange wir deine Daten speichern<\/h2>\n<!-- \/wp:heading -->\n\n<!-- wp:paragraph -->\n<p><strong class=\"privacy-policy-tutorial\">Textvorschlag: <\/strong>Wenn du einen Kommentar schreibst, wird dieser inklusive Metadaten zeitlich unbegrenzt gespeichert. Auf diese Art k\u00f6nnen wir Folgekommentare automatisch erkennen und freigeben, anstatt sie in einer Moderations-Warteschlange festzuhalten.<\/p>\n<!-- \/wp:paragraph -->\n\n<!-- wp:paragraph -->\n<p>F\u00fcr Benutzer, die sich auf unserer Website registrieren, speichern wir zus\u00e4tzlich die pers\u00f6nlichen Informationen, die sie in ihren Benutzerprofilen angeben. Alle Benutzer k\u00f6nnen jederzeit ihre pers\u00f6nlichen Informationen einsehen, ver\u00e4ndern oder l\u00f6schen (der Benutzername kann nicht ver\u00e4ndert werden). Administratoren der Website k\u00f6nnen diese Informationen ebenfalls einsehen und ver\u00e4ndern.<\/p>\n<!-- \/wp:paragraph -->\n\n<!-- wp:heading -->\n<h2>Welche Rechte du an deinen Daten hast<\/h2>\n<!-- \/wp:heading -->\n\n<!-- wp:paragraph -->\n<p><strong class=\"privacy-policy-tutorial\">Textvorschlag: <\/strong>Wenn du ein Konto auf dieser Website besitzt oder Kommentare geschrieben hast, kannst du einen Export deiner personenbezogenen Daten bei uns anfordern, inklusive aller Daten, die du uns mitgeteilt hast. Dar\u00fcber hinaus kannst du die L\u00f6schung aller personenbezogenen Daten, die wir von dir gespeichert haben, anfordern. Dies umfasst nicht die Daten, die wir aufgrund administrativer, rechtlicher oder sicherheitsrelevanter Notwendigkeiten aufbewahren m\u00fcssen.<\/p>\n<!-- \/wp:paragraph -->\n\n<!-- wp:heading -->\n<h2>Wohin wir deine Daten senden<\/h2>\n<!-- \/wp:heading -->\n\n<!-- wp:paragraph -->\n<p><strong class=\"privacy-policy-tutorial\">Textvorschlag: <\/strong>Besucher-Kommentare k\u00f6nnten von einem automatisierten Dienst zur Spam-Erkennung untersucht werden.<\/p>\n<!-- \/wp:paragraph -->","_et_gb_content_width":""},"yoast_head":"<!-- This site is optimized with the Yoast SEO plugin v19.14 - https:\/\/yoast.com\/wordpress\/plugins\/seo\/ -->\n<title>Impressum - viktoria-augsburg<\/title>\n<meta name=\"robots\" content=\"index, follow, max-snippet:-1, max-image-preview:large, max-video-preview:-1\" \/>\n<link rel=\"canonical\" href=\"https:\/\/hotels-maison.com\/viktoria-augsburg\/impressum\/\" \/>\n<meta property=\"og:locale\" content=\"de_DE\" \/>\n<meta property=\"og:type\" content=\"article\" \/>\n<meta property=\"og:title\" content=\"Impressum - viktoria-augsburg\" \/>\n<meta property=\"og:description\" content=\"Impressum Seitenbetreiber i.S.d. \u00a7 5 TMG Betana Group GmbHS\u00fcdliche M\u00fcnchner Stra\u00dfe 8D-82031 Gr\u00fcnwald Telefon: +49 89 588 0 558 0 Email:\u00a0info@gsh-hotels.com Handelsregister: Registergericht: Amtsgericht M\u00fcnchen Registernummer: HRB256762 Gesch\u00e4ftsf\u00fchrer:Heiko Grote Umsatzsteuer-Identifikationsnummer gem\u00e4\u00df \u00a727 a Umsatzsteuergesetz DE332685445 \u00a0 Information zur ODR-Verordnung Die Europ\u00e4ische Kommission stellt eine Plattform zur Online-Streitbeilegung (OS) bereit, die Sie unter http:\/\/ec.europa.eu\/consumers\/odr\/ finden. Unser [&hellip;]\" \/>\n<meta property=\"og:url\" content=\"https:\/\/hotels-maison.com\/viktoria-augsburg\/impressum\/\" \/>\n<meta property=\"og:site_name\" content=\"viktoria-augsburg\" \/>\n<meta property=\"article:modified_time\" content=\"2021-10-17T12:59:47+00:00\" \/>\n<meta name=\"twitter:card\" content=\"summary_large_image\" \/>\n<meta name=\"twitter:label1\" content=\"Gesch\u00e4tzte Lesezeit\" \/>\n\t<meta name=\"twitter:data1\" content=\"2\u00a0Minuten\" \/>\n<script type=\"application\/ld+json\" class=\"yoast-schema-graph\">{\"@context\":\"https:\/\/schema.org\",\"@graph\":[{\"@type\":\"WebPage\",\"@id\":\"https:\/\/hotels-maison.com\/viktoria-augsburg\/impressum\/\",\"url\":\"https:\/\/hotels-maison.com\/viktoria-augsburg\/impressum\/\",\"name\":\"Impressum - viktoria-augsburg\",\"isPartOf\":{\"@id\":\"https:\/\/hotels-maison.com\/viktoria-augsburg\/#website\"},\"datePublished\":\"2021-09-03T06:12:17+00:00\",\"dateModified\":\"2021-10-17T12:59:47+00:00\",\"breadcrumb\":{\"@id\":\"https:\/\/hotels-maison.com\/viktoria-augsburg\/impressum\/#breadcrumb\"},\"inLanguage\":\"de\",\"potentialAction\":[{\"@type\":\"ReadAction\",\"target\":[\"https:\/\/hotels-maison.com\/viktoria-augsburg\/impressum\/\"]}]},{\"@type\":\"BreadcrumbList\",\"@id\":\"https:\/\/hotels-maison.com\/viktoria-augsburg\/impressum\/#breadcrumb\",\"itemListElement\":[{\"@type\":\"ListItem\",\"position\":1,\"name\":\"Startseite\",\"item\":\"https:\/\/hotels-maison.com\/viktoria-augsburg\/\"},{\"@type\":\"ListItem\",\"position\":2,\"name\":\"Impressum\"}]},{\"@type\":\"WebSite\",\"@id\":\"https:\/\/hotels-maison.com\/viktoria-augsburg\/#website\",\"url\":\"https:\/\/hotels-maison.com\/viktoria-augsburg\/\",\"name\":\"viktoria-augsburg\",\"description\":\"Avec toi, je suis moin!\",\"potentialAction\":[{\"@type\":\"SearchAction\",\"target\":{\"@type\":\"EntryPoint\",\"urlTemplate\":\"https:\/\/hotels-maison.com\/viktoria-augsburg\/?s={search_term_string}\"},\"query-input\":\"required name=search_term_string\"}],\"inLanguage\":\"de\"}]}<\/script>\n<!-- \/ Yoast SEO plugin. -->","yoast_head_json":{"title":"Impressum - viktoria-augsburg","robots":{"index":"index","follow":"follow","max-snippet":"max-snippet:-1","max-image-preview":"max-image-preview:large","max-video-preview":"max-video-preview:-1"},"canonical":"https:\/\/hotels-maison.com\/viktoria-augsburg\/impressum\/","og_locale":"de_DE","og_type":"article","og_title":"Impressum - viktoria-augsburg","og_description":"Impressum Seitenbetreiber i.S.d. \u00a7 5 TMG Betana Group GmbHS\u00fcdliche M\u00fcnchner Stra\u00dfe 8D-82031 Gr\u00fcnwald Telefon: +49 89 588 0 558 0 Email:\u00a0info@gsh-hotels.com Handelsregister: Registergericht: Amtsgericht M\u00fcnchen Registernummer: HRB256762 Gesch\u00e4ftsf\u00fchrer:Heiko Grote Umsatzsteuer-Identifikationsnummer gem\u00e4\u00df \u00a727 a Umsatzsteuergesetz DE332685445 \u00a0 Information zur ODR-Verordnung Die Europ\u00e4ische Kommission stellt eine Plattform zur Online-Streitbeilegung (OS) bereit, die Sie unter http:\/\/ec.europa.eu\/consumers\/odr\/ finden. Unser [&hellip;]","og_url":"https:\/\/hotels-maison.com\/viktoria-augsburg\/impressum\/","og_site_name":"viktoria-augsburg","article_modified_time":"2021-10-17T12:59:47+00:00","twitter_card":"summary_large_image","twitter_misc":{"Gesch\u00e4tzte Lesezeit":"2\u00a0Minuten"},"schema":{"@context":"https:\/\/schema.org","@graph":[{"@type":"WebPage","@id":"https:\/\/hotels-maison.com\/viktoria-augsburg\/impressum\/","url":"https:\/\/hotels-maison.com\/viktoria-augsburg\/impressum\/","name":"Impressum - viktoria-augsburg","isPartOf":{"@id":"https:\/\/hotels-maison.com\/viktoria-augsburg\/#website"},"datePublished":"2021-09-03T06:12:17+00:00","dateModified":"2021-10-17T12:59:47+00:00","breadcrumb":{"@id":"https:\/\/hotels-maison.com\/viktoria-augsburg\/impressum\/#breadcrumb"},"inLanguage":"de","potentialAction":[{"@type":"ReadAction","target":["https:\/\/hotels-maison.com\/viktoria-augsburg\/impressum\/"]}]},{"@type":"BreadcrumbList","@id":"https:\/\/hotels-maison.com\/viktoria-augsburg\/impressum\/#breadcrumb","itemListElement":[{"@type":"ListItem","position":1,"name":"Startseite","item":"https:\/\/hotels-maison.com\/viktoria-augsburg\/"},{"@type":"ListItem","position":2,"name":"Impressum"}]},{"@type":"WebSite","@id":"https:\/\/hotels-maison.com\/viktoria-augsburg\/#website","url":"https:\/\/hotels-maison.com\/viktoria-augsburg\/","name":"viktoria-augsburg","description":"Avec toi, je suis moin!","potentialAction":[{"@type":"SearchAction","target":{"@type":"EntryPoint","urlTemplate":"https:\/\/hotels-maison.com\/viktoria-augsburg\/?s={search_term_string}"},"query-input":"required name=search_term_string"}],"inLanguage":"de"}]}},"_links":{"self":[{"href":"https:\/\/hotels-maison.com\/viktoria-augsburg\/wp-json\/wp\/v2\/pages\/254"}],"collection":[{"href":"https:\/\/hotels-maison.com\/viktoria-augsburg\/wp-json\/wp\/v2\/pages"}],"about":[{"href":"https:\/\/hotels-maison.com\/viktoria-augsburg\/wp-json\/wp\/v2\/types\/page"}],"author":[{"embeddable":true,"href":"https:\/\/hotels-maison.com\/viktoria-augsburg\/wp-json\/wp\/v2\/users\/2"}],"replies":[{"embeddable":true,"href":"https:\/\/hotels-maison.com\/viktoria-augsburg\/wp-json\/wp\/v2\/comments?post=254"}],"version-history":[{"count":3,"href":"https:\/\/hotels-maison.com\/viktoria-augsburg\/wp-json\/wp\/v2\/pages\/254\/revisions"}],"predecessor-version":[{"id":1022,"href":"https:\/\/hotels-maison.com\/viktoria-augsburg\/wp-json\/wp\/v2\/pages\/254\/revisions\/1022"}],"wp:attachment":[{"href":"https:\/\/hotels-maison.com\/viktoria-augsburg\/wp-json\/wp\/v2\/media?parent=254"}],"curies":[{"name":"wp","href":"https:\/\/api.w.org\/{rel}","templated":true}]}}